{"id":591,"date":"2013-05-03T20:35:51","date_gmt":"2013-05-03T20:35:51","guid":{"rendered":"http:\/\/biologisches-institut-oldenburg.de\/?page_id=591"},"modified":"2026-08-18T19:40:58","modified_gmt":"2026-08-18T19:40:58","slug":"seminare-vortrage-veranstaltungen-2013","status":"publish","type":"page","link":"https:\/\/biologisches-institut-oldenburg.de\/?page_id=591","title":{"rendered":"Veranstaltungen \/ Seminare"},"content":{"rendered":"\n<h4 class=\"wp-block-heading\">(Pr\u00e4datorenkontrolle, Fangjagd, Kr\u00e4hen, Wildprethygiene, Revierberatung, &#8222;Rollende Waldschule&#8220; etc.)<\/h4>\n\n\n\n<p>Anmeldung per Mail unter B.I.O@ewetel.net oder telefonisch \u00fcber 01732179723<\/p>\n\n\n\n<h1 class=\"wp-block-heading\"><strong>Seminare:<\/strong><\/h1>\n\n\n\n<ul>\n<li><strong>Fangjagd<\/strong> (anerkannter Fangjagdausbilder vom Nieders\u00e4chsischen Ministerium f\u00fcr Ern\u00e4hrung Landwirtschaft und Forsten nach \u00a7 24 Abs. 2 NJagdG seit 2002),<\/li>\n<\/ul>\n\n\n\n<h1 class=\"wp-block-heading\">Termine 2026<\/h1>\n\n\n\n<h1 class=\"wp-block-heading\">-Fangjagdschule-<\/h1>\n\n\n\n<h1 class=\"wp-block-heading\">Fangjagd- \/ Fallenlehrg\u00e4nge<\/h1>\n\n\n\n<p class=\"has-black-color has-text-color has-link-color wp-elements-0791ba3e069fdc9b83f753552d8d8c43\"><mark style=\"background-color:rgba(0, 0, 0, 0)\" class=\"has-inline-color has-vivid-cyan-blue-color\"><strong>Fangjagdseminar <\/strong>24.\/25.10.2026 in Oldenburg: Beginn 9 Uhr, Ende gegen 17 Uhr<\/mark><\/p>\n\n\n\n<p><mark style=\"background-color:rgba(0, 0, 0, 0)\" class=\"has-inline-color has-vivid-cyan-blue-color\"><strong>Fangjagdseminar <\/strong>31.10.\/01.011.2026 in Oldenburg: Beginn 9 Uhr, Ende gegen 17 Uhr<\/mark><\/p>\n\n\n\n<p><\/p>\n\n\n\n<p><strong>ab 2025 Fangjagdlehrg\u00e4nge auf dem neuen Parcour in Oldenburg<\/strong><\/p>\n\n\n\n<p><\/p>\n\n\n\n<p><\/p>\n\n\n\n<p><\/p>\n\n\n\n<p><\/p>\n\n\n\n<h1 class=\"wp-block-heading\">Wildprethygiene -&#8222;Kundige Person&#8220; + <\/h1>\n\n\n\n<h1 class=\"wp-block-heading\">Trichinenprobenahme    <strong>                                          (Veterin\u00e4ramt Stadt Oldenburg)<\/strong><\/h1>\n\n\n\n<p>                                                                        <\/p>\n\n\n\n<ul>\n<li><ul><li><strong>Wildprethygienelehrgang &#8222;Kundige Person&#8220; \/ Trichinenprobenahme (Veterin\u00e4ramt Stadt&nbsp; OL)&nbsp; &nbsp; &nbsp; &nbsp; &nbsp; &nbsp; &nbsp; &nbsp; &nbsp;                    29. Januar 2025<\/strong> in Oldenburg Beginn 18:00 (Dauer mind. 4 h),<\/li><\/ul>in Oldenburg Beginn 18:00 (Dauer mind. 4 h)<\/li>\n<\/ul>\n\n\n\n<blockquote class=\"wp-block-quote\">\n<p>Seminar: &#8222;Kundige Person&#8220; \/ Wildprethygiene: 20. Februar 2026 von 18:00 &#8211; 22:00 Uhr in Oldenburg<\/p>\n<\/blockquote>\n","protected":false},"excerpt":{"rendered":"<p>(Pr\u00e4datorenkontrolle, Fangjagd, Kr\u00e4hen, Wildprethygiene, Revierberatung, &#8222;Rollende Waldschule&#8220; etc.) Anmeldung per Mail unter B.I.O@ewetel.net oder telefonisch \u00fcber 01732179723 Seminare: Termine 2026 -Fangjagdschule- Fangjagd- \/ Fallenlehrg\u00e4nge Fangjagdseminar 24.\/25.10.2026 in Oldenburg: Beginn 9 Uhr, Ende gegen 17 Uhr Fangjagdseminar 31.10.\/01.011.2026 in Oldenburg: Beginn &hellip; <a href=\"https:\/\/biologisches-institut-oldenburg.de\/?page_id=591\">Weiterlesen <span class=\"meta-nav\">&rarr;<\/span><\/a><\/p>\n","protected":false},"author":2,"featured_media":0,"parent":0,"menu_order":0,"comment_status":"closed","ping_status":"closed","template":"","meta":{"footnotes":""},"_links":{"self":[{"href":"https:\/\/biologisches-institut-oldenburg.de\/index.php?rest_route=\/wp\/v2\/pages\/591"}],"collection":[{"href":"https:\/\/biologisches-institut-oldenburg.de\/index.php?rest_route=\/wp\/v2\/pages"}],"about":[{"href":"https:\/\/biologisches-institut-oldenburg.de\/index.php?rest_route=\/wp\/v2\/types\/page"}],"author":[{"embeddable":true,"href":"https:\/\/biologisches-institut-oldenburg.de\/index.php?rest_route=\/wp\/v2\/users\/2"}],"replies":[{"embeddable":true,"href":"https:\/\/biologisches-institut-oldenburg.de\/index.php?rest_route=%2Fwp%2Fv2%2Fcomments&post=591"}],"version-history":[{"count":94,"href":"https:\/\/biologisches-institut-oldenburg.de\/index.php?rest_route=\/wp\/v2\/pages\/591\/revisions"}],"predecessor-version":[{"id":985,"href":"https:\/\/biologisches-institut-oldenburg.de\/index.php?rest_route=\/wp\/v2\/pages\/591\/revisions\/985"}],"wp:attachment":[{"href":"https:\/\/biologisches-institut-oldenburg.de\/index.php?rest_route=%2Fwp%2Fv2%2Fmedia&parent=591"}],"curies":[{"name":"wp","href":"https:\/\/api.w.org\/{rel}","templated":true}]}}

<h4 class="wp-block-heading">(Prädatorenkontrolle, Fangjagd, Krähen, Wildprethygiene, Revierberatung, &#8222;Rollende Waldschule&#8220; etc.)</h4>



<p>Anmeldung per Mail unter B.I.O@ewetel.net oder telefonisch über 01732179723</p>



<h1 class="wp-block-heading"><strong>Seminare:</strong></h1>



<ul>
<li><strong>Fangjagd</strong> (anerkannter Fangjagdausbilder vom Niedersächsischen Ministerium für Ernährung Landwirtschaft und Forsten nach § 24 Abs. 2 NJagdG seit 2002),</li>
</ul>



<h1 class="wp-block-heading">Termine 2026</h1>



<h1 class="wp-block-heading">-Fangjagdschule-</h1>



<h1 class="wp-block-heading">Fangjagd- / Fallenlehrgänge</h1>



<p class="has-black-color has-text-color has-link-color wp-elements-0791ba3e069fdc9b83f753552d8d8c43"><mark style="background-color:rgba(0, 0, 0, 0)" class="has-inline-color has-vivid-cyan-blue-color"><strong>Fangjagdseminar </strong>24./25.10.2026 in Oldenburg: Beginn 9 Uhr, Ende gegen 17 Uhr</mark></p>



<p><mark style="background-color:rgba(0, 0, 0, 0)" class="has-inline-color has-vivid-cyan-blue-color"><strong>Fangjagdseminar </strong>31.10./01.011.2026 in Oldenburg: Beginn 9 Uhr, Ende gegen 17 Uhr</mark></p>



<p></p>



<p><strong>ab 2025 Fangjagdlehrgänge auf dem neuen Parcour in Oldenburg</strong></p>



<p></p>



<p></p>



<p></p>



<p></p>



<h1 class="wp-block-heading">Wildprethygiene -&#8222;Kundige Person&#8220; + </h1>



<h1 class="wp-block-heading">Trichinenprobenahme    <strong>                                          (Veterinäramt Stadt Oldenburg)</strong></h1>



<p>                                                                        </p>



<ul>
<li><ul><li><strong>Wildprethygienelehrgang &#8222;Kundige Person&#8220; / Trichinenprobenahme (Veterinäramt Stadt&nbsp; OL)&nbsp; &nbsp; &nbsp; &nbsp; &nbsp; &nbsp; &nbsp; &nbsp; &nbsp;                    29. Januar 2025</strong> in Oldenburg Beginn 18:00 (Dauer mind. 4 h),</li></ul>in Oldenburg Beginn 18:00 (Dauer mind. 4 h)</li>
</ul>



<blockquote class="wp-block-quote">
<p>Seminar: &#8222;Kundige Person&#8220; / Wildprethygiene: 20. Februar 2026 von 18:00 &#8211; 22:00 Uhr in Oldenburg</p>
</blockquote>

<p>(Prädatorenkontrolle, Fangjagd, Krähen, Wildprethygiene, Revierberatung, &#8222;Rollende Waldschule&#8220; etc.) Anmeldung per Mail unter B.I.O@ewetel.net oder telefonisch über 01732179723 Seminare: Termine 2026 -Fangjagdschule- Fangjagd- / Fallenlehrgänge Fangjagdseminar 24./25.10.2026 in Oldenburg: Beginn 9 Uhr, Ende gegen 17 Uhr Fangjagdseminar 31.10./01.011.2026 in Oldenburg: Beginn &hellip; <a href="https://biologisches-institut-oldenburg.de/?page_id=591">Weiterlesen <span class="meta-nav">&rarr;</span></a></p>
