{"id":278,"date":"2011-10-19T20:39:50","date_gmt":"2011-10-19T20:39:50","guid":{"rendered":"http:\/\/biologisches-institut-oldenburg.de\/wordpress\/?page_id=278"},"modified":"2013-05-26T19:34:42","modified_gmt":"2013-05-26T19:34:42","slug":"vogel","status":"publish","type":"page","link":"https:\/\/biologisches-institut-oldenburg.de\/?page_id=278","title":{"rendered":"V\u00f6gel"},"content":{"rendered":"<div id=\"attachment_334\" style=\"width: 410px\" class=\"wp-caption aligncenter\"><a href=\"http:\/\/biologisches-institut-oldenburg.de\/wp-content\/uploads\/2011\/10\/Fasanengelege.jpg\"><img loading=\"lazy\" decoding=\"async\" aria-describedby=\"caption-attachment-334\" class=\"size-full wp-image-334\" title=\"Fasanengelege\" src=\"http:\/\/biologisches-institut-oldenburg.de\/wp-content\/uploads\/2011\/10\/Fasanengelege.jpg\" alt=\"Fasanengelege\" width=\"400\" height=\"300\" srcset=\"https:\/\/biologisches-institut-oldenburg.de\/wp-content\/uploads\/2011\/10\/Fasanengelege.jpg 400w, https:\/\/biologisches-institut-oldenburg.de\/wp-content\/uploads\/2011\/10\/Fasanengelege-300x225.jpg 300w\" sizes=\"(max-width: 400px) 100vw, 400px\" \/><\/a><p id=\"caption-attachment-334\" class=\"wp-caption-text\">Fasanengelege<\/p><\/div>\n<p>&nbsp;<\/p>\n<p>&nbsp;<\/p>\n<p>&nbsp;<\/p>\n<p>&nbsp;<\/p>\n<div id=\"attachment_403\" style=\"width: 310px\" class=\"wp-caption aligncenter\"><a href=\"http:\/\/biologisches-institut-oldenburg.de\/wp-content\/uploads\/2011\/10\/Fasan.jpg\"><img loading=\"lazy\" decoding=\"async\" aria-describedby=\"caption-attachment-403\" class=\"size-medium wp-image-403\" title=\"Fasan\" src=\"http:\/\/biologisches-institut-oldenburg.de\/wp-content\/uploads\/2011\/10\/Fasan-300x168.jpg\" alt=\"Fasanenhahn auf Baltrum\" width=\"300\" height=\"168\" srcset=\"https:\/\/biologisches-institut-oldenburg.de\/wp-content\/uploads\/2011\/10\/Fasan-300x168.jpg 300w, https:\/\/biologisches-institut-oldenburg.de\/wp-content\/uploads\/2011\/10\/Fasan.jpg 600w\" sizes=\"(max-width: 300px) 100vw, 300px\" \/><\/a><p id=\"caption-attachment-403\" class=\"wp-caption-text\">Fasanenhahn auf Baltrum<\/p><\/div>\n<p><strong>V\u00f6gel<\/strong><\/p>\n<p>Nach Brinkmann (1998), der die tier\u00f6kologischen Belange in der Landschaftsplanung dargestellt hat, ist der Kenntnisstand zur \u00d6kologie der V\u00f6gel als gut bis sehr gut zu bezeichnen, was in erster Linie durch die lange Geschichte der Ornithologie als Wissenschaftszweig erreicht wurde. Aufgrund der hohen Zahl an sten\u00f6ken Arten und deren guter aut\u00f6kologischer Erforschung lassen sich f\u00fcr landschaftsplanerische Fragestellungen zahlreiche Zeigerarten benennen. Dies soll insbesondere f\u00fcr die Ber\u00fccksichtigung der Gr\u00f6\u00dfe und Struktur von Lebensr\u00e4umen, Biotopkomplexen und anthropogenen Einfl\u00fcssen gelten (Brinkmann 1998).<\/p>\n<p>Die Aves sind\u00a0 nach der\u00a0 BArtSchV besonders gesch\u00fctzt. Durch das BNatSchG und der Zugeh\u00f6rigkeit zum Anhang IV der FFH-RL ist f\u00fcr einzelne Arten zus\u00e4tzlich der strenge Schutz gegeben.<\/p>\n<p>&nbsp;<\/p>\n<p>&nbsp;<\/p>\n<p>&nbsp;<\/p>\n<div id=\"attachment_336\" style=\"width: 410px\" class=\"wp-caption aligncenter\"><a href=\"http:\/\/biologisches-institut-oldenburg.de\/wp-content\/uploads\/2011\/10\/Kiebitze-in-der-Marsch.jpg\"><img loading=\"lazy\" decoding=\"async\" aria-describedby=\"caption-attachment-336\" class=\"size-full wp-image-336\" title=\"Kiebitze in der Marsch\" src=\"http:\/\/biologisches-institut-oldenburg.de\/wp-content\/uploads\/2011\/10\/Kiebitze-in-der-Marsch.jpg\" alt=\"\" width=\"400\" height=\"300\" srcset=\"https:\/\/biologisches-institut-oldenburg.de\/wp-content\/uploads\/2011\/10\/Kiebitze-in-der-Marsch.jpg 400w, https:\/\/biologisches-institut-oldenburg.de\/wp-content\/uploads\/2011\/10\/Kiebitze-in-der-Marsch-300x225.jpg 300w\" sizes=\"(max-width: 400px) 100vw, 400px\" \/><\/a><p id=\"caption-attachment-336\" class=\"wp-caption-text\">Kiebitze in der Wesermarsch<\/p><\/div>\n<p>&nbsp;<\/p>\n<div id=\"attachment_337\" style=\"width: 410px\" class=\"wp-caption aligncenter\"><a href=\"http:\/\/biologisches-institut-oldenburg.de\/wp-content\/uploads\/2011\/10\/Kormoran-jung-+-alt.jpg\"><img loading=\"lazy\" decoding=\"async\" aria-describedby=\"caption-attachment-337\" class=\"size-full wp-image-337\" title=\"Kormoran jung + alt\" src=\"http:\/\/biologisches-institut-oldenburg.de\/wp-content\/uploads\/2011\/10\/Kormoran-jung-+-alt.jpg\" alt=\"\" width=\"400\" height=\"300\" srcset=\"https:\/\/biologisches-institut-oldenburg.de\/wp-content\/uploads\/2011\/10\/Kormoran-jung-+-alt.jpg 400w, https:\/\/biologisches-institut-oldenburg.de\/wp-content\/uploads\/2011\/10\/Kormoran-jung-+-alt-300x225.jpg 300w\" sizes=\"(max-width: 400px) 100vw, 400px\" \/><\/a><p id=\"caption-attachment-337\" class=\"wp-caption-text\">Kormorane Jung- u. Altvogel am Stadtteich<\/p><\/div>\n<p>&nbsp;<\/p>\n<p>&nbsp;<\/p>\n<p>&nbsp;<\/p>\n<div id=\"attachment_490\" style=\"width: 650px\" class=\"wp-caption aligncenter\"><a href=\"http:\/\/biologisches-institut-oldenburg.de\/wp-content\/uploads\/2011\/10\/Nebelkr\u00e4he.jpg\"><img loading=\"lazy\" decoding=\"async\" aria-describedby=\"caption-attachment-490\" class=\"size-full wp-image-490\" title=\"Nebelkr\u00e4he\" src=\"http:\/\/biologisches-institut-oldenburg.de\/wp-content\/uploads\/2011\/10\/Nebelkr\u00e4he.jpg\" alt=\"\" width=\"640\" height=\"480\" srcset=\"https:\/\/biologisches-institut-oldenburg.de\/wp-content\/uploads\/2011\/10\/Nebelkr\u00e4he.jpg 640w, https:\/\/biologisches-institut-oldenburg.de\/wp-content\/uploads\/2011\/10\/Nebelkr\u00e4he-300x225.jpg 300w\" sizes=\"(max-width: 640px) 100vw, 640px\" \/><\/a><p id=\"caption-attachment-490\" class=\"wp-caption-text\">Nebelkr\u00e4he<\/p><\/div>\n<p>Corvus corone cornix, eine Subspezies der Aaskr\u00e4he (Corvus corone). Ihr Verbreitungsgebiet grenzt \u00f6stlich und s\u00fcdlich an das der Rabenkr\u00e4he (Corvus corone corone). \u00a0Der Einfluss beider Subspezies (als Pr\u00e4dator) \u00a0auf unsere heimische Vogelwelt, insbesondere Bodenbr\u00fcter, ist nicht zu untersch\u00e4tzen.<\/p>\n<p>&nbsp;<\/p>\n<div id=\"attachment_338\" style=\"width: 410px\" class=\"wp-caption aligncenter\"><a href=\"http:\/\/biologisches-institut-oldenburg.de\/wp-content\/uploads\/2011\/10\/Uferschwalbenkolonie.jpg\"><img loading=\"lazy\" decoding=\"async\" aria-describedby=\"caption-attachment-338\" class=\"size-full wp-image-338\" title=\"Uferschwalbenkolonie\" src=\"http:\/\/biologisches-institut-oldenburg.de\/wp-content\/uploads\/2011\/10\/Uferschwalbenkolonie.jpg\" alt=\"\" width=\"400\" height=\"300\" srcset=\"https:\/\/biologisches-institut-oldenburg.de\/wp-content\/uploads\/2011\/10\/Uferschwalbenkolonie.jpg 400w, https:\/\/biologisches-institut-oldenburg.de\/wp-content\/uploads\/2011\/10\/Uferschwalbenkolonie-300x225.jpg 300w\" sizes=\"(max-width: 400px) 100vw, 400px\" \/><\/a><p id=\"caption-attachment-338\" class=\"wp-caption-text\">Uferschwalbenkolonie im Emsland<\/p><\/div>\n<p>&nbsp;<\/p>\n<p>&nbsp;<\/p>\n<div id=\"attachment_492\" style=\"width: 650px\" class=\"wp-caption aligncenter\"><a href=\"http:\/\/biologisches-institut-oldenburg.de\/wp-content\/uploads\/2011\/10\/Stockenten.jpg\"><img loading=\"lazy\" decoding=\"async\" aria-describedby=\"caption-attachment-492\" class=\"size-full wp-image-492\" title=\"Stockenten\" src=\"http:\/\/biologisches-institut-oldenburg.de\/wp-content\/uploads\/2011\/10\/Stockenten.jpg\" alt=\"\" width=\"640\" height=\"480\" srcset=\"https:\/\/biologisches-institut-oldenburg.de\/wp-content\/uploads\/2011\/10\/Stockenten.jpg 640w, https:\/\/biologisches-institut-oldenburg.de\/wp-content\/uploads\/2011\/10\/Stockenten-300x225.jpg 300w\" sizes=\"(max-width: 640px) 100vw, 640px\" \/><\/a><p id=\"caption-attachment-492\" class=\"wp-caption-text\">Stockentenpaar<\/p><\/div>\n<p>Stockenten sind anpassungsf\u00e4hig und sehr schmackhaft<\/p>\n<p>&nbsp;<\/p>\n<p>&nbsp;<\/p>\n<p>&nbsp;<\/p>\n<div id=\"attachment_493\" style=\"width: 650px\" class=\"wp-caption aligncenter\"><a href=\"http:\/\/biologisches-institut-oldenburg.de\/wp-content\/uploads\/2011\/10\/Anas-platyrhynchos.jpg\"><img loading=\"lazy\" decoding=\"async\" aria-describedby=\"caption-attachment-493\" class=\"size-full wp-image-493\" title=\"Anas platyrhynchos\" src=\"http:\/\/biologisches-institut-oldenburg.de\/wp-content\/uploads\/2011\/10\/Anas-platyrhynchos.jpg\" alt=\"\" width=\"640\" height=\"480\" srcset=\"https:\/\/biologisches-institut-oldenburg.de\/wp-content\/uploads\/2011\/10\/Anas-platyrhynchos.jpg 640w, https:\/\/biologisches-institut-oldenburg.de\/wp-content\/uploads\/2011\/10\/Anas-platyrhynchos-300x225.jpg 300w\" sizes=\"(max-width: 640px) 100vw, 640px\" \/><\/a><p id=\"caption-attachment-493\" class=\"wp-caption-text\">weibl. Stockente im Park von Sans Souci<\/p><\/div>\n<p>&nbsp;<\/p>\n<p>&nbsp;<\/p>\n<p><a href=\"http:\/\/biologisches-institut-oldenburg.de\/wp-content\/uploads\/2011\/10\/Haussperling.jpg\"><img loading=\"lazy\" decoding=\"async\" class=\"aligncenter size-full wp-image-508\" title=\"Haussperling\" src=\"http:\/\/biologisches-institut-oldenburg.de\/wp-content\/uploads\/2011\/10\/Haussperling.jpg\" alt=\"Passer domesticus (Bild J. Kleinekuhle)\" width=\"640\" height=\"480\" srcset=\"https:\/\/biologisches-institut-oldenburg.de\/wp-content\/uploads\/2011\/10\/Haussperling.jpg 640w, https:\/\/biologisches-institut-oldenburg.de\/wp-content\/uploads\/2011\/10\/Haussperling-300x225.jpg 300w\" sizes=\"(max-width: 640px) 100vw, 640px\" \/><\/a><\/p>\n<p>&nbsp;<\/p>\n<p>Der einst so h\u00e4ufige Passer domesticus ist vielerorts r\u00fcckl\u00e4ufig<\/p>\n<p>&nbsp;<\/p>\n<p>&nbsp;<\/p>\n<p>&nbsp;<\/p>\n<div id=\"attachment_624\" style=\"width: 2570px\" class=\"wp-caption aligncenter\"><a href=\"http:\/\/biologisches-institut-oldenburg.de\/wp-content\/uploads\/2011\/10\/Steinschm\u00e4tzer.jpg\"><img loading=\"lazy\" decoding=\"async\" aria-describedby=\"caption-attachment-624\" class=\"size-full wp-image-624\" title=\"Steinschm\u00e4tzer\" src=\"http:\/\/biologisches-institut-oldenburg.de\/wp-content\/uploads\/2011\/10\/Steinschm\u00e4tzer.jpg\" alt=\"Steinschm\u00e4tzer im Emsland\" width=\"2560\" height=\"1920\" \/><\/a><p id=\"caption-attachment-624\" class=\"wp-caption-text\">Steinschm\u00e4tzer auf dem Durchzug<\/p><\/div>\n","protected":false},"excerpt":{"rendered":"<p>&nbsp; &nbsp; &nbsp; &nbsp; V\u00f6gel Nach Brinkmann (1998), der die tier\u00f6kologischen Belange in der Landschaftsplanung dargestellt hat, ist der Kenntnisstand zur \u00d6kologie der V\u00f6gel als gut bis sehr gut zu bezeichnen, was in erster Linie durch die lange Geschichte der &hellip; <a href=\"https:\/\/biologisches-institut-oldenburg.de\/?page_id=278\">Weiterlesen <span class=\"meta-nav\">&rarr;<\/span><\/a><\/p>\n","protected":false},"author":1,"featured_media":0,"parent":2,"menu_order":7,"comment_status":"closed","ping_status":"closed","template":"","meta":{"footnotes":""},"_links":{"self":[{"href":"https:\/\/biologisches-institut-oldenburg.de\/index.php?rest_route=\/wp\/v2\/pages\/278"}],"collection":[{"href":"https:\/\/biologisches-institut-oldenburg.de\/index.php?rest_route=\/wp\/v2\/pages"}],"about":[{"href":"https:\/\/biologisches-institut-oldenburg.de\/index.php?rest_route=\/wp\/v2\/types\/page"}],"author":[{"embeddable":true,"href":"https:\/\/biologisches-institut-oldenburg.de\/index.php?rest_route=\/wp\/v2\/users\/1"}],"replies":[{"embeddable":true,"href":"https:\/\/biologisches-institut-oldenburg.de\/index.php?rest_route=%2Fwp%2Fv2%2Fcomments&post=278"}],"version-history":[{"count":19,"href":"https:\/\/biologisches-institut-oldenburg.de\/index.php?rest_route=\/wp\/v2\/pages\/278\/revisions"}],"predecessor-version":[{"id":625,"href":"https:\/\/biologisches-institut-oldenburg.de\/index.php?rest_route=\/wp\/v2\/pages\/278\/revisions\/625"}],"up":[{"embeddable":true,"href":"https:\/\/biologisches-institut-oldenburg.de\/index.php?rest_route=\/wp\/v2\/pages\/2"}],"wp:attachment":[{"href":"https:\/\/biologisches-institut-oldenburg.de\/index.php?rest_route=%2Fwp%2Fv2%2Fmedia&parent=278"}],"curies":[{"name":"wp","href":"https:\/\/api.w.org\/{rel}","templated":true}]}}