{"id":228,"date":"2011-10-12T07:04:39","date_gmt":"2011-10-12T07:04:39","guid":{"rendered":"http:\/\/biologisches-institut-oldenburg.de\/wordpress\/?page_id=228"},"modified":"2019-05-08T20:10:56","modified_gmt":"2019-05-08T20:10:56","slug":"mitarbeiter","status":"publish","type":"page","link":"https:\/\/biologisches-institut-oldenburg.de\/?page_id=228","title":{"rendered":"Freie Mitarbeiter"},"content":{"rendered":"<div id=\"attachment_234\" style=\"width: 260px\" class=\"wp-caption alignnone\"><a href=\"http:\/\/biologisches-institut-oldenburg.de\/wp-content\/uploads\/2011\/10\/IMG_0531_800.jpg\"><img loading=\"lazy\" decoding=\"async\" aria-describedby=\"caption-attachment-234\" class=\"size-thumbnail wp-image-234 \" title=\"Thomas Holle\" src=\"http:\/\/biologisches-institut-oldenburg.de\/wp-content\/uploads\/2011\/10\/IMG_0531_800-150x150.jpg\" alt=\"\" width=\"250\" height=\"250\" srcset=\"https:\/\/biologisches-institut-oldenburg.de\/wp-content\/uploads\/2011\/10\/IMG_0531_800-150x150.jpg 150w, https:\/\/biologisches-institut-oldenburg.de\/wp-content\/uploads\/2011\/10\/IMG_0531_800-48x48.jpg 48w\" sizes=\"(max-width: 250px) 100vw, 250px\" \/><\/a><p id=\"caption-attachment-234\" class=\"wp-caption-text\">Thomas Holle<\/p><\/div>\n<p>Dipl. &#8211; Biol. &#8211; Spezialgebiete: Arachnologie, terr.-\u00d6kol., Marder, Amphibien,<\/p>\n<p>Biologie und \u00d6kologie Europ\u00e4ischer Edelkrebse (<em>Astacus astacus<\/em>)<\/p>\n<p><strong><span style=\"text-decoration: underline;\">Publikationen<\/span><\/strong><\/p>\n<p>H<small>OLLE<\/small>, T. (2004): Zur Spinnenfauna der Weserinsel Harriersand &#8211; (Araneae). &#8211; Drosera,\u00a0 <strong>2004<\/strong>: 93-118.<\/p>\n<p>H<small>OLLE<\/small>, T., A<small>LLERS<\/small>, M.-A., B<small>RANDT<\/small>, T., B<small>RUNS<\/small>, T., H<small>OMANN<\/small>, U., L<small>EMKE<\/small>, M., R<small>OTHE<\/small>, O., V<small>OIGT<\/small>, N. &amp; O.-D. F<small>INCH<\/small> (2005): Zur aktuellen Kenntnis der Spinnenfauna (Araneae) des Naturparks &#8222;Steinhuder Meer&#8220;, Niedersachsen. &#8211; Ber. Naturhist. Ges. Hannover <strong>147<\/strong>: 113-134.<\/p>\n<p>S<small>CH\u00d6NHOFER<\/small>, A. &amp; T. H<small>OLLE<\/small> (2007): <em>Nemastoma bidentatum<\/em> (Arachnida: Opiliones: Nemastomatidae): neu f\u00fcr Deutschland und die Tschechische Republik. &#8211; Arachnologische Mitteilungen <strong>33<\/strong>: 25-30.<\/p>\n<p><a href=\"http:\/\/biologisches-institut-oldenburg.de\/wp-content\/uploads\/2011\/10\/Mexico_2008_800.jpg\"><img loading=\"lazy\" decoding=\"async\" class=\"size-thumbnail wp-image-236 \" title=\"Dr. Joachim Horstkotte\" src=\"http:\/\/biologisches-institut-oldenburg.de\/wp-content\/uploads\/2011\/10\/Mexico_2008_800-150x150.jpg\" alt=\"\" width=\"270\" height=\"270\" srcset=\"https:\/\/biologisches-institut-oldenburg.de\/wp-content\/uploads\/2011\/10\/Mexico_2008_800-150x150.jpg 150w, https:\/\/biologisches-institut-oldenburg.de\/wp-content\/uploads\/2011\/10\/Mexico_2008_800-48x48.jpg 48w\" sizes=\"(max-width: 270px) 100vw, 270px\" \/><\/a><\/p>\n<p>Dipl. &#8211; Biol. &#8211; Spezialgebiete: Ichtyologie, terr. \u00d6kol., Tagfalter, Heuschrecken, Libellen, Amphibien, Tauchen etc.<\/p>\n<p><strong>Publikationen Dr. Joachim Horstkotte<\/strong> (siehe Seite Publikationen)<\/p>\n<p><strong>J\u00f6rg Fittje<\/strong> (z .Z. kein Bild)<\/p>\n<p class=\"mceTemp\">Dipl. &#8211; Biol. &#8211; Spezialgebiete: Eingriffsregelung, Botanik, Avifauna, Amphibien<\/p>\n<p><strong>Ute Boeckhoff<\/strong> (z.Z. kein Bild)<\/p>\n<p>Biologin &#8211; Kundenbetreuung, Lenkung von Wildtieren im urbanen Bereich<\/p>\n<p><a href=\"http:\/\/biologisches-institut-oldenburg.de\/wp-content\/uploads\/2011\/10\/M.-Hilbold.jpg\"><img loading=\"lazy\" decoding=\"async\" class=\"aligncenter size-full wp-image-396\" title=\"M. Hilbold\" src=\"http:\/\/biologisches-institut-oldenburg.de\/wp-content\/uploads\/2011\/10\/M.-Hilbold.jpg\" alt=\"Handwerk + Technik\" width=\"600\" height=\"337\" srcset=\"https:\/\/biologisches-institut-oldenburg.de\/wp-content\/uploads\/2011\/10\/M.-Hilbold.jpg 600w, https:\/\/biologisches-institut-oldenburg.de\/wp-content\/uploads\/2011\/10\/M.-Hilbold-300x168.jpg 300w\" sizes=\"(max-width: 600px) 100vw, 600px\" \/><\/a><\/p>\n<p><strong>Manfred Hilbold<\/strong><\/p>\n<p class=\"mceTemp\">Gesch\u00e4ftsf\u00fchrer MH-Bau GmbH: Durchf\u00fchrung der handwerklichen u. techn. Arbeiten \/ L\u00f6sungen wie<\/p>\n<p class=\"mceTemp\">z. B. Bau u. Installation von techn. Anlagen zur Mardervergr\u00e4mung<\/p>\n<p class=\"mceTemp\">WWW.MHBau-Oldenburg.de<\/p>\n<div id=\"attachment_761\" style=\"width: 410px\" class=\"wp-caption aligncenter\"><a href=\"http:\/\/biologisches-institut-oldenburg.de\/wp-content\/uploads\/2011\/10\/Heino.jpg\"><img loading=\"lazy\" decoding=\"async\" aria-describedby=\"caption-attachment-761\" class=\"size-full wp-image-761\" src=\"http:\/\/biologisches-institut-oldenburg.de\/wp-content\/uploads\/2011\/10\/Heino.jpg\" alt=\"Heino de Boer\" width=\"400\" height=\"300\" srcset=\"https:\/\/biologisches-institut-oldenburg.de\/wp-content\/uploads\/2011\/10\/Heino.jpg 400w, https:\/\/biologisches-institut-oldenburg.de\/wp-content\/uploads\/2011\/10\/Heino-300x225.jpg 300w\" sizes=\"(max-width: 400px) 100vw, 400px\" \/><\/a><p id=\"caption-attachment-761\" class=\"wp-caption-text\">Heino de Boer<\/p><\/div>\n<p><strong>\u00a0Heino de Boer<\/strong>: Fallen- und Nistkastenbau (auch Eulenk\u00e4sten), Holz- und B\u00f6ttcherarbeiten aller Art<\/p>\n<p><span style=\"line-height: 1.5em; background-color: #ffffff;\">\u00a0<\/span><\/p>\n<h2 class=\"mceTemp\"><strong>unfreier Mitarbeiter<\/strong><\/h2>\n<p><a href=\"http:\/\/biologisches-institut-oldenburg.de\/wp-content\/uploads\/2011\/10\/Pax-von-NeuarenbergI1.jpg\"><img loading=\"lazy\" decoding=\"async\" class=\"size-medium wp-image-251 \" title=\"Pax von NeuarenbergI\" src=\"http:\/\/biologisches-institut-oldenburg.de\/wp-content\/uploads\/2011\/10\/Pax-von-NeuarenbergI1-168x300.jpg\" alt=\"\" width=\"250\" height=\"460\" \/><\/a><\/p>\n<p>Jagdhund &#8211; Deutsch Kurzhaar: Derby 1. Preis (Nase 4 H), Solms 1. Preis, JEP<\/p>\n<p>Spezialgebiet: Jagdliche T\u00e4tigkeiten; Nasenarbeit, Vorstehen\u00a0-&gt; Marder<\/p>\n<div id=\"attachment_257\" style=\"width: 460px\" class=\"wp-caption aligncenter\"><a href=\"http:\/\/biologisches-institut-oldenburg.de\/wp-content\/uploads\/2011\/10\/Pax-v.-Neuarenberg.jpg\"><img loading=\"lazy\" decoding=\"async\" aria-describedby=\"caption-attachment-257\" class=\"size-medium wp-image-257 \" title=\"Pax v. Neuarenberg\" src=\"http:\/\/biologisches-institut-oldenburg.de\/wp-content\/uploads\/2011\/10\/Pax-v.-Neuarenberg-300x168.jpg\" alt=\"\" width=\"450\" height=\"250\" \/><\/a><p id=\"caption-attachment-257\" class=\"wp-caption-text\">Pax bei der Feldarbeit<\/p><\/div>\n<p><a href=\"http:\/\/biologisches-institut-oldenburg.de\/wp-content\/uploads\/2011\/10\/Pax-ruht-sich-aus.jpg\"><img loading=\"lazy\" decoding=\"async\" class=\"aligncenter size-full wp-image-422\" title=\"Pax ruht sich aus\" src=\"http:\/\/biologisches-institut-oldenburg.de\/wp-content\/uploads\/2011\/10\/Pax-ruht-sich-aus.jpg\" alt=\"\" width=\"700\" height=\"393\" srcset=\"https:\/\/biologisches-institut-oldenburg.de\/wp-content\/uploads\/2011\/10\/Pax-ruht-sich-aus.jpg 700w, https:\/\/biologisches-institut-oldenburg.de\/wp-content\/uploads\/2011\/10\/Pax-ruht-sich-aus-300x168.jpg 300w\" sizes=\"(max-width: 700px) 100vw, 700px\" \/><\/a><\/p>\n<p>Habe fertig &#8211; erst mal ausruhen<\/p>\n<p>Pax von Neuarenberg, verstorben 25.02.2018<\/p>\n<p>Seine Aufgaben werden zuk\u00fcnftig von Chica vom Wittekind \u00fcbernommen<\/p>\n<p><a href=\"http:\/\/biologisches-institut-oldenburg.de\/wp-content\/uploads\/2011\/10\/20171119_232815.jpg\"><img loading=\"lazy\" decoding=\"async\" class=\"size-full wp-image-820 alignnone\" src=\"http:\/\/biologisches-institut-oldenburg.de\/wp-content\/uploads\/2011\/10\/20171119_232815.jpg\" alt=\"\" width=\"2592\" height=\"1944\" srcset=\"https:\/\/biologisches-institut-oldenburg.de\/wp-content\/uploads\/2011\/10\/20171119_232815.jpg 2592w, https:\/\/biologisches-institut-oldenburg.de\/wp-content\/uploads\/2011\/10\/20171119_232815-300x225.jpg 300w, https:\/\/biologisches-institut-oldenburg.de\/wp-content\/uploads\/2011\/10\/20171119_232815-768x576.jpg 768w, https:\/\/biologisches-institut-oldenburg.de\/wp-content\/uploads\/2011\/10\/20171119_232815-1024x768.jpg 1024w\" sizes=\"(max-width: 2592px) 100vw, 2592px\" \/><\/a> <a href=\"http:\/\/biologisches-institut-oldenburg.de\/wp-content\/uploads\/2011\/10\/20170520_145519.jpg\"><img loading=\"lazy\" decoding=\"async\" class=\"aligncenter size-full wp-image-821\" src=\"http:\/\/biologisches-institut-oldenburg.de\/wp-content\/uploads\/2011\/10\/20170520_145519.jpg\" alt=\"\" width=\"2592\" height=\"1944\" srcset=\"https:\/\/biologisches-institut-oldenburg.de\/wp-content\/uploads\/2011\/10\/20170520_145519.jpg 2592w, https:\/\/biologisches-institut-oldenburg.de\/wp-content\/uploads\/2011\/10\/20170520_145519-300x225.jpg 300w, https:\/\/biologisches-institut-oldenburg.de\/wp-content\/uploads\/2011\/10\/20170520_145519-768x576.jpg 768w, https:\/\/biologisches-institut-oldenburg.de\/wp-content\/uploads\/2011\/10\/20170520_145519-1024x768.jpg 1024w\" sizes=\"(max-width: 2592px) 100vw, 2592px\" \/><\/a> <a href=\"http:\/\/biologisches-institut-oldenburg.de\/wp-content\/uploads\/2011\/10\/20170427_193741.jpg\"><img loading=\"lazy\" decoding=\"async\" class=\"aligncenter size-full wp-image-822\" src=\"http:\/\/biologisches-institut-oldenburg.de\/wp-content\/uploads\/2011\/10\/20170427_193741.jpg\" alt=\"\" width=\"2592\" height=\"1944\" srcset=\"https:\/\/biologisches-institut-oldenburg.de\/wp-content\/uploads\/2011\/10\/20170427_193741.jpg 2592w, https:\/\/biologisches-institut-oldenburg.de\/wp-content\/uploads\/2011\/10\/20170427_193741-300x225.jpg 300w, https:\/\/biologisches-institut-oldenburg.de\/wp-content\/uploads\/2011\/10\/20170427_193741-768x576.jpg 768w, https:\/\/biologisches-institut-oldenburg.de\/wp-content\/uploads\/2011\/10\/20170427_193741-1024x768.jpg 1024w\" sizes=\"(max-width: 2592px) 100vw, 2592px\" \/><\/a><\/p>\n<p>zur Verst\u00e4rkung hat Chica einen neuen Partner -&gt; Kurzhaarr\u00fcde Bruno<\/p>\n<div id=\"attachment_255\" style=\"width: 310px\" class=\"wp-caption alignnone\"><a href=\"http:\/\/biologisches-institut-oldenburg.de\/wp-content\/uploads\/2011\/10\/Cecily-Bock-NDR-Pr\u00e4sentation-Fangjagd.jpg\"><img loading=\"lazy\" decoding=\"async\" aria-describedby=\"caption-attachment-255\" class=\"size-medium wp-image-255\" title=\"Cecily Bock NDR Pr\u00e4sentation Fangjagd\" src=\"http:\/\/biologisches-institut-oldenburg.de\/wp-content\/uploads\/2011\/10\/Cecily-Bock-NDR-Pr\u00e4sentation-Fangjagd-300x225.jpg\" alt=\"\" width=\"300\" height=\"225\" srcset=\"https:\/\/biologisches-institut-oldenburg.de\/wp-content\/uploads\/2011\/10\/Cecily-Bock-NDR-Pr\u00e4sentation-Fangjagd-300x225.jpg 300w, https:\/\/biologisches-institut-oldenburg.de\/wp-content\/uploads\/2011\/10\/Cecily-Bock-NDR-Pr\u00e4sentation-Fangjagd.jpg 600w\" sizes=\"(max-width: 300px) 100vw, 300px\" \/><\/a><p id=\"caption-attachment-255\" class=\"wp-caption-text\">Cecily Bock NDR Pr\u00e4sentation Fangjagd<\/p><\/div>\n<p>Assistentin \u00d6ffentlichkeitsarbeit und Fangjagd<\/p>\n<div id=\"attachment_273\" style=\"width: 234px\" class=\"wp-caption aligncenter\"><a href=\"http:\/\/biologisches-institut-oldenburg.de\/wp-content\/uploads\/2011\/10\/C.-Bock-bei-Kinderfest.jpg\"><img loading=\"lazy\" decoding=\"async\" aria-describedby=\"caption-attachment-273\" class=\"size-medium wp-image-273\" title=\"C. Bock bei Kinderfest\" src=\"http:\/\/biologisches-institut-oldenburg.de\/wp-content\/uploads\/2011\/10\/C.-Bock-bei-Kinderfest-224x300.jpg\" alt=\"\" width=\"224\" height=\"300\" srcset=\"https:\/\/biologisches-institut-oldenburg.de\/wp-content\/uploads\/2011\/10\/C.-Bock-bei-Kinderfest-224x300.jpg 224w, https:\/\/biologisches-institut-oldenburg.de\/wp-content\/uploads\/2011\/10\/C.-Bock-bei-Kinderfest.jpg 614w\" sizes=\"(max-width: 224px) 100vw, 224px\" \/><\/a><p id=\"caption-attachment-273\" class=\"wp-caption-text\">C. Bock mit Jungfrettchen<\/p><\/div>\n","protected":false},"excerpt":{"rendered":"<p>Dipl. &#8211; Biol. &#8211; Spezialgebiete: Arachnologie, terr.-\u00d6kol., Marder, Amphibien, Biologie und \u00d6kologie Europ\u00e4ischer Edelkrebse (Astacus astacus) Publikationen HOLLE, T. (2004): Zur Spinnenfauna der Weserinsel Harriersand &#8211; (Araneae). &#8211; Drosera,\u00a0 2004: 93-118. HOLLE, T., ALLERS, M.-A., BRANDT, T., BRUNS, T., HOMANN, &hellip; <a href=\"https:\/\/biologisches-institut-oldenburg.de\/?page_id=228\">Weiterlesen <span class=\"meta-nav\">&rarr;<\/span><\/a><\/p>\n","protected":false},"author":1,"featured_media":0,"parent":0,"menu_order":5,"comment_status":"closed","ping_status":"closed","template":"","meta":{"footnotes":""},"_links":{"self":[{"href":"https:\/\/biologisches-institut-oldenburg.de\/index.php?rest_route=\/wp\/v2\/pages\/228"}],"collection":[{"href":"https:\/\/biologisches-institut-oldenburg.de\/index.php?rest_route=\/wp\/v2\/pages"}],"about":[{"href":"https:\/\/biologisches-institut-oldenburg.de\/index.php?rest_route=\/wp\/v2\/types\/page"}],"author":[{"embeddable":true,"href":"https:\/\/biologisches-institut-oldenburg.de\/index.php?rest_route=\/wp\/v2\/users\/1"}],"replies":[{"embeddable":true,"href":"https:\/\/biologisches-institut-oldenburg.de\/index.php?rest_route=%2Fwp%2Fv2%2Fcomments&post=228"}],"version-history":[{"count":56,"href":"https:\/\/biologisches-institut-oldenburg.de\/index.php?rest_route=\/wp\/v2\/pages\/228\/revisions"}],"predecessor-version":[{"id":964,"href":"https:\/\/biologisches-institut-oldenburg.de\/index.php?rest_route=\/wp\/v2\/pages\/228\/revisions\/964"}],"wp:attachment":[{"href":"https:\/\/biologisches-institut-oldenburg.de\/index.php?rest_route=%2Fwp%2Fv2%2Fmedia&parent=228"}],"curies":[{"name":"wp","href":"https:\/\/api.w.org\/{rel}","templated":true}]}}